9. Calculate f(-72).
-61
Let x(v) = -66682*v - 3400716. Calculate x(-51).
66
Let m(s) = s**3 + 15*s**2 + 5290*s + 73845. What is m(-14)?
-19
Let h(b) = -2*b**2 + 373*b - 12412. Determine h(48).
884
Let j(u) = -1862*u + 52141. What is j(28)?
5
Let t(z) = -449*z - 3396. Calculate t(-12).
1992
Let d(f) = -5*f**3 + 91*f**2 - 399*f - 80. Determine d(8).
-8
Let y(r) = r**2 + 670*r - 6792. Calculate y(10).
8
Let f(m) = 2*m**3 + 132*m**2 - 249*m + 1556. What is f(-68)?
-8
Let v(r) = 2*r**2 + 106*r - 655. Calculate v(-48).
-1135
Let u(m) = -11808*m + 71066. What is u(6)?
218
Let r(f) = 29*f**3 + 13*f**2 - 37*f - 205. Calculate r(-5).
-3320
Let h(d) = -51*d - 168. What is h(26)?
-1494
Let a(s) = -3*s**3 - 154*s**2 + 107*s + 294. Calculate a(-52).
138
Let f(r) = -3382*r - 24006. Give f(-8).
3050
Let l(s) = s**3 + 79*s**2 - 1964*s - 181. Give l(-99).
-1765
Let l(x) = -2372*x + 55740. Calculate l(24).
-1188
Let k(j) = j**3 - 5*j**2 - 10*j + 127. Calculate k(7).
155
Let g(r) = -44684*r - 1876724. Give g(-42).
4
Let s(g) = -252*g + 7147. Calculate s(14).
3619
Let c(v) = 244739*v - 244733. Determine c(1).
6
Let d(u) = 23971*u + 95910. What is d(-4)?
26
Let i(g) = -51885*g - 51887. Give i(-1).
-2
Let u(g) = 1241*g - 255. Give u(0).
-255
Let i(a) = -10181*a - 81379. What is i(-8)?
69
Let f(z) = z**2 + 2971*z - 383747. Determine f(124).
33
Let x(k) = -4220*k + 147694. Give x(35).
-6
Let v(z) = -5152*z - 1396193. Give v(-271).
-1
Let g(h) = -74813*h - 149620. Calculate g(-2).
6
Let s(c) = -c**2 - 6030*c - 24118. What is s(-4)?
-14
Let z(q) = 59585*q + 238349. What is z(-4)?
9
Let f(g) = g**2 + 743*g - 16667. Calculate f(22).
163
Let i(g) = 73157*g + 1755767. Calculate i(-24).
-1
Let d(t) = t**3 - 30*t**2 - 258*t + 66. Give d(-7).
59
Let r(l) = -92*l**2 - 188*l + 21. Give r(-2).
29
Let l(q) = 21922*q - 833033. Calculate l(38).
3
Let q(l) = -36951*l + 36662. Determine q(1).
-289
Let w(u) = 13*u**3 + 3720*u**2 + 594*u + 6297. Calculate w(-286).
5
Let s(g) = 9*g**3 - 113*g**2 + 488*g - 7031. Give s(13).
-11
Let c(l) = 5528*l - 10805. What is c(2)?
251
Let p(w) = 9*w**3 - 23*w**2 - 114. Give p(6).
1002
Let q(i) = 1251*i + 96286. Calculate q(-77).
-41
Let r(m) = 3*m**2 - 36*m + 195. Determine r(11).
162
Let z(a) = -6*a**2 + 520*a - 11354. Calculate z(41).
-120
Let c(r) = -5*r**2 - 594*r - 3297. Give c(-115).
-1112
Let i(d) = -4*d**3 - 324*d**2 - 94*d - 8069. Calculate i(-81).
-455
Let d(m) = -m**2 - 1034*m - 90881. Calculate d(-97).
8
Let l(m) = 127*m - 1715. Give l(11).
-318
Let t(b) = -26*b**2 + 513*b + 4778. Determine t(-9).
-1945
Let p(x) = 13*x**3 + 481*x**2 - 216*x - 8037. Determine p(-37).
-45
Let p(c) = 8*c**2 - 271*c - 1712. Give p(-6).
202
Let x(p) = -10274*p + 277407. What is x(27)?
9
Let a(w) = w**2 + 4574*w + 3962495. Determine a(-1161).
2
Let z(w) = w**3 - 79*w**2 + 440*w - 177. What is z(73)?
-31
Let q(y) = -y**3 + 24*y**2 + 291*y - 164. Give q(-12).
1528
Let o(i) = -i**2 - 350*i - 5352. Give o(-16).
-8
Let d(c) = -6*c**2 - 1243*c + 16907. Determine d(-220).
-33
Let n(h) = 30071*h - 4420464. Give n(147).
-27
Let z(y) = -21615*y + 21569. Calculate z(1).
-46
Let p(d) = -d**3 + 10*d**2 - 297*d + 3412. Give p(11).
24
Let b(u) = -5356*u - 729. Give b(0).
-729
Let b(w) = 123*w**2 - 4040*w - 85. What is b(33)?
542
Let z(w) = 1146167*w - 8023175. Give z(7).
-6
Let j(s) = 827*s**2 + 4340*s - 4339. What is j(1)?
828
Let p(a) = -4596*a - 42573. Give p(-9).
-1209
Let n(o) = -51226*o - 3893182. Calculate n(-76).
-6
Let j(g) = -4*g**3 - 200*g**2 + 645*g + 473. Give j(-53).
-4
Let o(v) = 23*v**2 - 1843*v + 5351. Give o(3).
29
Let z(l) = -20905*l + 459913. What is z(22)?
3
Let a(z) = -8*z**2 + 4100*z + 186331. Determine a(-42).
19
Let d(c) = -c**3 - 89*c**2 + 2181*c + 109. Determine d(-109).
0
Let g(l) = l**3 + l**2 + 13*l - 62. Give g(3).
13
Let y(a) = -a**2 - 9817*a + 49074. What is y(5)?
-36
Let a(b) = -3*b**3 - 95*b**2 - 16*b + 1215. Calculate a(-31).
-211
Let q(z) = -10229*z - 10210. Calculate q(-1).
19
Let c(i) = 1274*i**2 + 1172*i + 2. What is c(-1)?
104
Let h(g) = 395*g**2 + 2371*g - 55. Calculate h(-6).
-61
Let q(z) = 76757*z + 50506118. Calculate q(-658).
12
Let r(t) = -4*t**2 - 383*t - 6662. Determine r(-73).
-19
Let q(o) = 842*o - 17624. Give q(21).
58
Let f(z) = -z**3 - 33*z**2 + 214*z - 582. Determine f(-39).
198
Let y(r) = 49*r**3 - 1423*r**2 + 60*r - 44. Calculate y(29).
14
Let u(q) = -2*q**3 + 158*q**2 - 10527*q + 831632. What is u(79)?
-1
Let i(x) = 94*x**2 - 402*x - 1628. Give i(-4).
1484
Let c(q) = 2*q**3 + 150*q**2 + 2636*q + 118. What is c(-28)?
6
Let t(s) = 3*s**3 + 586*s**2 + 758*s - 3465. Calculate t(-194).
27
Let h(b) = -4*b**2 + 4266*b - 746180. Determine h(846).
-8
Let m(n) = -2*n**3 + 282*n**2 + 3*n - 743. Calculate m(141).
-320
Let o(t) = -96602*t + 1159221. What is o(12)?
-3
Let p(o) = o**3 - 28*o**2 - 425*o - 175. What is p(39)?
-19
Let l(c) = 4*c**3 + 24*c**2 - 314*c - 1872. Determine l(-6).
12
Let p(a) = 935*a - 12167. What is p(13)?
-12
Let a(y) = -47*y**3 + 3*y**2 - 239*y + 1250. Determine a(5).
-5745
Let m(s) = -5*s**3 - 373*s**2 + 151*s + 408. Determine m(-75).
333
Let o(g) = -119*g**2 - 2019*g + 75. What is o(-17)?
7
Let j(r) = -16*r**2 + 44*r + 1034. Determine j(-7).
-58
Let r(k) = -5*k**3 - 98*k**2 + 918*k + 18523. Determine r(-19).
-2
Let q(c) = -56923*c - 512173. Determine q(-9).
134
Let s(q) = -28837*q - 3. What is s(0)?
-3
Let g(x) = -2*x**3 + 147*x**2 - 878*x - 5. Give g(7).
366
Let m(r) = -r**3 - 14*r**2 - 55*r - 4509. What is m(-22)?
573
Let x(o) = -3*o**3 - 1005*o**2 - 15*o - 5050. What is x(-335)?
-25
Let r(n) = 6801085*n + 34005419. What is r(-5)?
-6
Let t(s) = -394713*s - 2. Calculate t(0).
-2
Let c(k) = 3*k**2 - 262*k - 10309. What is c(-31)?
696
Let i(d) = d**3 + 12*d**2 - 19*d - 15. What is i(-7)?
363
Let b(a) = -2*a**3 + 233*a**2 - 101*a + 107. Give b(116).
1847
Let k(l) = 3*l**2 + 72*l - 46. Calculate k(-26).
110
Let b(m) = -19*m**2 - 11134*m + 11143. Give b(1).
-10
Let f(b) = 63*b**3 - 6*b**2 + 239*b - 239. Give f(1).
57
Let z(a) = 1131*a - 50223. What is z(44)?
-459
Let x(m) = -282*m - 3623. Give x(-13).
43
Let r(p) = p**3 + 76*p**2 + 201*p + 1526. Give r(-74).
-2396
Let o(z) = 65*z + 8453. What is o(-133)?
-192
Let m(l) = 86904*l - 260704. Give m(3).
8
Let f(p) = 4*p**2 - 8865*p + 9. What is f(0)?
9
Let l(w) = 221*w - 92378. Determine l(418).
0
Let f(b) = -348*b + 15283. Calculate f(44).
-29
Let s(f) = 39*f**2 + 210*f - 98. What is s(-7)?
343
Let c(a) = a**3 - 7*a**2 + 12*a + 274. Calculate c(12).
1138
Let z(w) = w**3 + 9*w**2 - 6796*w + 635. Determine z(78).
-145
Let k(u) = u**3 + u**2 + 22*u - 210. What is k(-7)?
-658
Let w(u) = -12*u**2 - u + 250. Calculate w(-6).
-176
Let y(t) = t**2 + 76*t - 296. What is y(4)?
24
Let o(g) = -g**3 + 94*g - 259. Determine o(3).
-4
Let m(a) = a**3 - 15*a**2 - 79*a + 30. Calculate m(19).
-27
Let g(v) = v**3 + 150*v**2 - 13*v + 20807. What is g(-151)?
-31
Let r(g) = -7393*g - 295721. Give r(-40).
-1
Let f(z) = -z**3 - 390*z**2 + 1145*z - 13338. What is f(-393)?
24
Let c(h) = -5725*h + 11437. Calculate c(2).
-13
Let n(o) = -2655833*o - 5311683. Give n(-2).
-17
Let h(b) = -b**2 + 318*b - 20497. Calculate h(228).
23
Let d(g) = -8822*g - 17750. Determine d(-2).
-106
Let c(f) = -14*f**3 + 7537*f**2 - 10200*f - 1583. Give c(537).
28
Let i(p) = 13745*p + 68811. Calculate i(-5).
86
Let c(r) = -r**3 + 971*r**2 - 4816*r - 73. What is c(5)?
-3
Let c(o) = -50*o**2 + 58*o + 475. Calculate c(-4).
-557
Let l(b) = b**3 + 24*b**2 + 153*b + 160. Give l(-10).
30
Let t(j) = 6*j**3 + 9*j**2 - 78*j + 289. What is t(4)?
505
Let a(p) = -16*p**2 - 511*p - 933. Determine a(-30).
-3
Let b(d) = -3*d**2 - 40216*d - 722939. Give b(-18).
-23
Let c(g) = -2947*g + 132621. Calculate c(45).
6
Let a(u) = 332*u**2 + 5329*u + 10661. What is a(-2)?
1331
Let b(z) = 180*z**2 + 1975*z + 3213. Give b(-9).
18
Let h(b) = 15*b**2 - 108*b - 1709. What is h(-14)?
2743
Let a(c) = 2*c**3 + 730*c**2 - 15407*c - 2682. Determine a(-385).
13
Let p(w) = 3*w**2 - 571*w - 12783. Give p(-23).
1937
Let h(a) = -10*a**2 - 710*a - 5042. Determine h(-8).
-2
Let b(i) = i**2 - 20903*i - 11139957. Determine b(-520).
3
Let b(f) = -f**2 + 319*f - 763. What is b(0)?
-763
Let q(n) = -32073*n - 2405418. What is q(-75)?
57
Let m(i) = -176*i - 